igit of 389892917?
1
What is the thousands digit of 6497206840?
6
What is the hundred thousands digit of 2896406?
8
What is the hundred millions digit of 4279825934?
2
What is the units digit of 368400994?
4
What is the hundreds digit of 305167231?
2
What is the ten thousands digit of 11158404?
5
What is the tens digit of 1467423860?
6
What is the millions digit of 596142059?
6
What is the units digit of 3914416015?
5
What is the hundreds digit of 7771244495?
4
What is the hundred millions digit of 171710772?
1
What is the ten thousands digit of 41166003?
6
What is the hundreds digit of 21086901?
9
What is the tens digit of 925121309?
0
What is the hundreds digit of 6925192692?
6
What is the thousands digit of 5488106791?
6
What is the hundreds digit of 1199366963?
9
What is the hundreds digit of 35367695?
6
What is the hundred thousands digit of 108841171?
8
What is the hundred thousands digit of 23949566?
9
What is the units digit of 2612685091?
1
What is the units digit of 80650773?
3
What is the tens digit of 2040797244?
4
What is the hundred thousands digit of 71817807?
8
What is the tens digit of 36847888?
8
What is the ten millions digit of 544245250?
4
What is the ten thousands digit of 15001909?
0
What is the hundred thousands digit of 1360507947?
5
What is the units digit of 140705896?
6
What is the hundreds digit of 2952040488?
4
What is the thousands digit of 6550435130?
5
What is the hundreds digit of 206360755?
7
What is the ten thousands digit of 1134859717?
5
What is the ten thousands digit of 147865746?
6
What is the ten millions digit of 52539556?
5
What is the hundred millions digit of 2169578708?
1
What is the hundred millions digit of 5289076437?
2
What is the ten thousands digit of 1633430?
3
What is the tens digit of 576000187?
8
What is the hundred millions digit of 1396815811?
3
What is the billions digit of 7205459798?
7
What is the millions digit of 476719889?
6
What is the ten millions digit of 106800753?
0
What is the tens digit of 818636634?
3
What is the tens digit of 31763509?
0
What is the units digit of 1726837295?
5
What is the ten millions digit of 443178163?
4
What is the hundred millions digit of 1845546384?
8
What is the tens digit of 7150254?
5
What is the hundred millions digit of 137744773?
1
What is the billions digit of 2079091601?
2
What is the thousands digit of 21604047?
4
What is the units digit of 860495375?
5
What is the tens digit of 30712754?
5
What is the hundred millions digit of 421587975?
4
What is the tens digit of 62156764?
6
What is the hundred thousands digit of 1991795735?
7
What is the ten thousands digit of 113659659?
5
What is the thousands digit of 464259048?
9
What is the thousands digit of 71117107?
7
What is the ten millions digit of 1564169000?
6
What is the ten millions digit of 111031557?
1
What is the tens digit of 1367353315?
1
What is the thousands digit of 83250883?
0
What is the ten thousands digit of 578877927?
7
What is the millions digit of 2585732038?
5
What is the ten thousands digit of 6529385206?
8
What is the thousands digit of 89012679?
2
What is the units digit of 69080980?
0
What is the units digit of 3222419577?
7
What is the thousands digit of 58190528?
0
What is the ten millions digit of 56048870?
5
What is the ten millions digit of 3008744671?
0
What is the billions digit of 1181298107?
1
What is the ten thousands digit of 142873607?
7
What is the ten millions digit of 96732632?
9
What is the millions digit of 340889606?
0
What is the ten thousands digit of 146295970?
9
What is the ten millions digit of 882150894?
8
What is the millions digit of 13700421?
3
What is the hundred thousands digit of 42316378?
3
What is the hundred millions digit of 1020972359?
0
What is the hundred thousands digit of 57376313?
3
What is the millions digit of 1429027908?
9
What is the tens digit of 77194123?
2
What is the hundred millions digit of 4181675101?
1
What is the hundred thousands digit of 1904726365?
7
What is the millions digit of 33684342?
3
What is the hundred millions digit of 932723934?
9
What is the ten thousands digit of 2393489?
9
What is the units digit of 20099039?
9
What is the thousands digit of 15414585?
4
What is the units digit of 95852134?
4
What is the ten millions digit of 49263985?
4
What is the millions digit of 238965599?
8
What is the hundred millions digit of 418582603?
4
What is the thousands digit of 27999267?
9
What is the hundred millions digit of 159017267?
1
What is the ten thousands digit of 959373994?
7
What is the hundreds digit of 257390493?
4
What is the ten thousands digit of 31818902?
1
What is the hundreds digit of 32349991?
9
What is the thousands digit of 1262390287?
0
What is the units digit of 754288989?
9
What is the thousands digit of 127332324?
2
What is the hundred thousands digit of 1584142?
5
What is the hundred thousands digit of 49824076?
8
What is the thousands digit of 89705025?
5
What is the billions digit of 1168448230?
1
What is the millions digit of 58543780?
8
What is the ten millions digit of 5450250629?
5
What is the ten millions digit of 580760211?
8
What is the hundred thousands digit of 69063433?
0
What is the millions digit of 490044605?
0
What is the ten thousands digit of 107826452?
2
What is the millions digit of 88303347?
8
What is the units digit of 30980810?
0
What is the hundreds digit of 182301228?
2
What is the thousands digit of 2025126538?
6
What is the ten thousands digit of 487361044?
6
What is the hundred thousands digit of 96227796?
2
What is the millions digit of 5482325375?
2
What is the thousands digit of 2078710403?
0
What is the thousands digit of 27750284?
0
What is the millions digit of 204487334?
4
What is the hundred thousands digit of 318733507?
7
What is the ten millions digit of 140592014?
4
What is the tens digit of 21595851?
5
What is the hundreds digit of 2924763534?
5
What is the millions digit of 34542117?
4
What is the tens digit of 798945433?
3
What is the millions digit of 3899274083?
9
What is the hundreds digit of 294773746?
7
What is the tens digit of 48678897?
9
What is the hundreds digit of 26211044?
0
What is the millions digit of 3047213456?
7
What is the millions digit of 22599754?
2
What is the tens digit of 301954867?
6
What is the hundreds digit of 77455330?
3
What is the tens digit of 3151206381?
8
What is the units digit of 1121784993?
3
What is the hundreds digit of 60395771?
7
What is the ten thousands digit of 130114715?
1
What is the billions digit of 1215290872?
1
What is the billions digit of 1956353911?
1
What is the ten millions digit of 780399003?
8
What is the millions digit of 99572707?
9
What is the ten thousands digit of 1302875811?
7
What is the hundreds digit of 288486019?
0
What is the hundreds digit of 133956555?
5
What is the ten thousands digit of 5994584150?
8
What is the billions digit of 1875538526?
1
What is the hundred millions digit of 219311903?
2
What is the tens digit of 50568329?
2
What is the units digit of 730072546?
6
What is the hundred millions digit of 1703062056?
7
What is the ten thousands digit of 1899620090?
2
What is the units digit of 14046622?
2
What is the thousands digit of 250803782?
3
What is the hundreds digit of 386003834?
8
What is the thousands digit of 483142013?
2
What is the hundred thousands digit of 242276368?
2
What is the thousands digit of 10141344?
1
What is the hundred thousands digit of 417525319?
5
What is the ten millions digit of 5118342378?
1
What is the ten thousands digit of 79813278?
1
What is the thousands digit of 49791670?
1
What is the units digit of 440713952?
2
What is the tens digit of 86448628?
2
What is the units digit of 217201202?
2
What is the ten thousands digit of 57827582?
2
What is the hundreds digit of 27677243?
2
What is the ten thousands digit of 37838204?
3
What is the thousands digit of 6879487?
9
What is the thousands digit of 98079905?
9
What is the hundred thousands digit of 876555627?
5
What is the units digit of 16031342?
2
What is the hundred millions digit of 3189198500?
1
What is the tens digit of 94346526?
2
What is the tens digit of 1401459137?
3
What is the tens digit of 2619713252?
5
What is the units digit of 24479513?
3
What is the ten thousands digit